{"id":14,"date":"2016-11-15T16:17:41","date_gmt":"2016-11-15T16:17:41","guid":{"rendered":"http:\/\/ieselaios.catedu.es\/oriacademica\/?page_id=14"},"modified":"2025-10-16T09:08:11","modified_gmt":"2025-10-16T09:08:11","slug":"toma-de-decisiones","status":"publish","type":"page","link":"https:\/\/ieselaios.catedu.es\/oriacademica\/toma-de-decisiones\/","title":{"rendered":"Toma de decisiones"},"content":{"rendered":"<p style=\"text-align: justify\"><a href=\"https:\/\/orienta.ibercaja.es\/Zona-J%C3%B3venes\/Cuestionario-de-Intereses-Profesionales\"><img loading=\"lazy\" decoding=\"async\" class=\"alignleft\" src=\"https:\/\/orientacionmachado.files.wordpress.com\/2015\/04\/ibercajaorienta21.jpg\" alt=\"Resultado de imagen de ibercaja orienta\" width=\"312\" height=\"202\" \/><\/a><a href=\"https:\/\/orienta.fundacionibercaja.es\/\">IBERCAJA ORIENTA<\/a> es una web que no s\u00f3lo se recoge informaci\u00f3n relativa a orientaci\u00f3n acad\u00e9mica y profesional a partir de los 15 a\u00f1os, sino que tambi\u00e9n presenta un cuestionario on line de perfiles personales para ayudarte\u00a0a determinar qu\u00e9 ocupaci\u00f3n es m\u00e1s af\u00edn a tus intereses y aptitudes. Hay que registrarse, indicando un correo electr\u00f3nico, en el que te env\u00edan informaci\u00f3n de los estudios solicitados y de los resultados del cuestionario de aptitudes.<\/p>\n<div>\u00a0<\/div>\n<div>\u00a0<\/div>\n<div>\u00a0<\/div>\n<div>\u00a0<\/div>\n<p style=\"text-align: justify\"><a href=\"https:\/\/www.mywaypass.com\/planetas\/viajar\"><img loading=\"lazy\" decoding=\"async\" class=\"wp-image-711 alignleft\" src=\"http:\/\/ieselaios.catedu.es\/oriacademica\/wp-content\/uploads\/sites\/23\/2021\/01\/my-way-pass-300x153.jpg\" alt=\"\" width=\"160\" height=\"82\" \/><\/a><\/p>\n<p style=\"text-align: justify\"><a href=\"https:\/\/www.mywaypass.com\/planetas\/viajar\">MYWAYPASS<\/a> es una plataforma de orientaci\u00f3n acad\u00e9mica y profesional para nativos digitales. Plantea el proceso de orientaci\u00f3n de un modo amigable y atractivo. Es necesario registrarse para seguir la ruta que traza y acceder a los recursos, indicando un email y una contrase\u00f1a. Pincha en la foto para acceder a la plataforma. Tutorial sobre la plataforma: <a href=\"https:\/\/www.youtube.com\/watch?v=v35-G6j8O_c\">enlace al videotutorial.\u00a0<\/a><\/p>\n<div>\u00a0<\/div>\n<div>\u00a0<\/div>\n<div>\u00a0<\/div>\n<div>\n<p style=\"text-align: justify\"><a href=\"http:\/\/www.educaweb.com\/orientacion\/intereses-profesionales\/\"><img loading=\"lazy\" decoding=\"async\" class=\"alignleft\" src=\"http:\/\/buscatucamino.com\/blog\/wp-content\/uploads\/2010\/04\/000001281f634dbcf084127e007f000000000001.Test_orientaci%C3%B3n.png\" alt=\"Resultado de imagen de GR ORIENTACI\u00d3N\" width=\"218\" height=\"267\" \/><\/a><a href=\"http:\/\/www.educaweb.com\/orientacion\/intereses-profesionales\/\">El GR<\/a> es un cuestionario para profundizar en el autoconocimiento y hacerte reflexionar sobre lo que quieres hacer, para determinar qu\u00e9 estudios u ocupaciones son afines a tus intereses y caracter\u00edsticas personales. No es necesario registrarse.Lo que se pretende es que vayas organizando tus ideas para realizar una buena elecci\u00f3n y determinar qu\u00e9 grupos ocupacionales son los que mejor encajan con tu forma de ser. Debes seguir todos los pasos que se establecen en este cuestionario.<\/p>\n<\/div>\n<div>\u00a0<\/div>\n<div>\u00a0<\/div>\n<div>\u00a0<\/div>\n<div style=\"text-align: justify\"><a href=\"https:\/\/www.kekiero.es\/\"><img loading=\"lazy\" decoding=\"async\" class=\"wp-image-596 alignright\" src=\"http:\/\/ieselaios.catedu.es\/oriacademica\/wp-content\/uploads\/sites\/23\/2020\/04\/kekiero.png\" alt=\"\" width=\"182\" height=\"182\" srcset=\"https:\/\/ieselaios.catedu.es\/oriacademica\/wp-content\/uploads\/sites\/23\/2020\/04\/kekiero.png 225w, https:\/\/ieselaios.catedu.es\/oriacademica\/wp-content\/uploads\/sites\/23\/2020\/04\/kekiero-150x150.png 150w\" sizes=\"auto, (max-width: 182px) 100vw, 182px\" \/><\/a>El equipo de <a href=\"https:\/\/www.kekiero.es\/\"><strong>kekiero.es<\/strong><\/a> est\u00e1 formado por profesionales de la orientaci\u00f3n y la psicolog\u00eda con amplia experiencia en centros educativos y en gabinetes de psicolog\u00eda cl\u00ednica. Ofrecen no s\u00f3lo asesoramiento vocacional, sino tambi\u00e9n ayuda en otros aspectos como el rendimiento acad\u00e9mico, el control de la ansiedad y, en general, la gesti\u00f3n de las competencias sociales y emocionales.<\/div>\n<div style=\"text-align: justify\">\u00a0<\/div>\n<div style=\"text-align: justify\">\u00a0<\/div>\n<div style=\"text-align: justify\">\u00a0<\/div>\n\n\n<p><a href=\"https:\/\/www.tfp20.es\/index.php\"><img loading=\"lazy\" decoding=\"async\" class=\"wp-image-739 alignleft\" src=\"http:\/\/ieselaios.catedu.es\/oriacademica\/wp-content\/uploads\/sites\/23\/2021\/03\/logoTFP-1-300x226.png\" alt=\"\" width=\"160\" height=\"121\" srcset=\"https:\/\/ieselaios.catedu.es\/oriacademica\/wp-content\/uploads\/sites\/23\/2021\/03\/logoTFP-1-300x226.png 300w, https:\/\/ieselaios.catedu.es\/oriacademica\/wp-content\/uploads\/sites\/23\/2021\/03\/logoTFP-1.png 730w\" sizes=\"auto, (max-width: 160px) 100vw, 160px\" \/><\/a><a href=\"https:\/\/www.tfp20.es\/index.php\">TU FUTURO PROFESIONAL 3.0.<\/a> Programa completo de orientaci\u00f3n acad\u00e9mica y profesional para estudiantes de ESO y Bachillerato. Incluye test de autoconocimiento. Necesario registrarse con un correo electr\u00f3nico. Gratuito.<\/p>\n<p>\u00a0<\/p>\n<p>\u00a0<\/p>\n<table style=\"width: 100%;border-collapse: collapse;background-color: #d7f3f5\">\n<tbody>\n<tr>\n<td style=\"width: 100%;text-align: center\">\n<p><a href=\"https:\/\/www.rtve.es\/play\/videos\/oficiorama\/\"><span style=\"color: #000000\"><strong>OFICIORAMA: OFICIOS DEL FUTURO<\/strong><\/span><\/a><\/p>\n<p>\u00a0<\/p>\n<\/td>\n<\/tr>\n<\/tbody>\n<\/table>\n","protected":false},"excerpt":{"rendered":"<p>IBERCAJA ORIENTA es una web que no s\u00f3lo se recoge informaci\u00f3n relativa a orientaci\u00f3n acad\u00e9mica y profesional a partir de los 15 a\u00f1os, sino que tambi\u00e9n presenta un cuestionario on line de perfiles personales para ayudarte\u00a0a determinar qu\u00e9 ocupaci\u00f3n es m\u00e1s af\u00edn a tus intereses y aptitudes. Hay que registrarse, indicando un correo electr\u00f3nico, en [&hellip;]<\/p>\n","protected":false},"author":1,"featured_media":0,"parent":0,"menu_order":0,"comment_status":"closed","ping_status":"closed","template":"","meta":{"footnotes":""},"class_list":["post-14","page","type-page","status-publish","hentry"],"_links":{"self":[{"href":"https:\/\/ieselaios.catedu.es\/oriacademica\/wp-json\/wp\/v2\/pages\/14","targetHints":{"allow":["GET"]}}],"collection":[{"href":"https:\/\/ieselaios.catedu.es\/oriacademica\/wp-json\/wp\/v2\/pages"}],"about":[{"href":"https:\/\/ieselaios.catedu.es\/oriacademica\/wp-json\/wp\/v2\/types\/page"}],"author":[{"embeddable":true,"href":"https:\/\/ieselaios.catedu.es\/oriacademica\/wp-json\/wp\/v2\/users\/1"}],"replies":[{"embeddable":true,"href":"https:\/\/ieselaios.catedu.es\/oriacademica\/wp-json\/wp\/v2\/comments?post=14"}],"version-history":[{"count":53,"href":"https:\/\/ieselaios.catedu.es\/oriacademica\/wp-json\/wp\/v2\/pages\/14\/revisions"}],"predecessor-version":[{"id":1064,"href":"https:\/\/ieselaios.catedu.es\/oriacademica\/wp-json\/wp\/v2\/pages\/14\/revisions\/1064"}],"wp:attachment":[{"href":"https:\/\/ieselaios.catedu.es\/oriacademica\/wp-json\/wp\/v2\/media?parent=14"}],"curies":[{"name":"wp","href":"https:\/\/api.w.org\/{rel}","templated":true}]}}