{"id":67,"date":"2016-01-28T18:00:38","date_gmt":"2016-01-28T18:00:38","guid":{"rendered":"http:\/\/ieselaios.catedu.es\/matematicas\/?page_id=67"},"modified":"2023-10-14T14:03:41","modified_gmt":"2023-10-14T13:03:41","slug":"matematicas-aplicadas-a-las-ccss","status":"publish","type":"page","link":"https:\/\/ieselaios.catedu.es\/matematicas\/matematicas-aplicadas-a-las-ccss\/","title":{"rendered":"Informaci\u00f3n acad\u00e9mica de  MATEM\u00c1TICAS APLICADAS A LAS CCSS I"},"content":{"rendered":"<blockquote><p><a href=\"https:\/\/drive.google.com\/file\/d\/1XIMqwZtQK_lMmbVXbWU52_jlErFMv1Sn\/view?usp=sharing\">Competencias espec\u00edficas y criterios de evaluaci\u00f3n<\/a><\/p><\/blockquote>\n<blockquote><p><a href=\"https:\/\/drive.google.com\/file\/d\/17YKJfSmMrZYpoe8AyWbhpL1RAXw0vY8u\/view?usp=sharing\">Saberes b\u00e1sicos<\/a><\/p><\/blockquote>\n","protected":false},"excerpt":{"rendered":"<p>Competencias espec\u00edficas y criterios de evaluaci\u00f3n Saberes b\u00e1sicos<\/p>\n","protected":false},"author":3,"featured_media":0,"parent":0,"menu_order":0,"comment_status":"closed","ping_status":"closed","template":"","meta":{"footnotes":""},"class_list":["post-67","page","type-page","status-publish","hentry"],"_links":{"self":[{"href":"https:\/\/ieselaios.catedu.es\/matematicas\/wp-json\/wp\/v2\/pages\/67","targetHints":{"allow":["GET"]}}],"collection":[{"href":"https:\/\/ieselaios.catedu.es\/matematicas\/wp-json\/wp\/v2\/pages"}],"about":[{"href":"https:\/\/ieselaios.catedu.es\/matematicas\/wp-json\/wp\/v2\/types\/page"}],"author":[{"embeddable":true,"href":"https:\/\/ieselaios.catedu.es\/matematicas\/wp-json\/wp\/v2\/users\/3"}],"replies":[{"embeddable":true,"href":"https:\/\/ieselaios.catedu.es\/matematicas\/wp-json\/wp\/v2\/comments?post=67"}],"version-history":[{"count":18,"href":"https:\/\/ieselaios.catedu.es\/matematicas\/wp-json\/wp\/v2\/pages\/67\/revisions"}],"predecessor-version":[{"id":1931,"href":"https:\/\/ieselaios.catedu.es\/matematicas\/wp-json\/wp\/v2\/pages\/67\/revisions\/1931"}],"wp:attachment":[{"href":"https:\/\/ieselaios.catedu.es\/matematicas\/wp-json\/wp\/v2\/media?parent=67"}],"curies":[{"name":"wp","href":"https:\/\/api.w.org\/{rel}","templated":true}]}}