{"id":74,"date":"2016-04-11T14:22:50","date_gmt":"2016-04-11T14:22:50","guid":{"rendered":"http:\/\/ieselaios.catedu.es\/ingles\/?page_id=74"},"modified":"2025-11-17T23:08:21","modified_gmt":"2025-11-17T22:08:21","slug":"profesorado","status":"publish","type":"page","link":"https:\/\/ieselaios.catedu.es\/ingles\/profesorado\/","title":{"rendered":"Profesorado"},"content":{"rendered":"<h2><strong>PROFESORAS CURSO 2025-26<\/strong><\/h2>\n<p><strong><em>JEFA DE DEPARTAMENTO:<\/em><\/strong><\/p>\n<p>Pilar Berruete<\/p>\n<p><strong>PROFESORAS:<\/strong><\/p>\n<p>Irene Aixal\u00e1 (Coordinadora de Bienestar)<\/p>\n<p>Susana Bern\u00e9 (Coordinadora Brit Ingl\u00e9s)<\/p>\n<p>Ana Bona<\/p>\n<p>Ver\u00f3nica Garc\u00eda<\/p>\n<p>Nuria Gim\u00e9nez<\/p>\n<p>Yolanda S\u00e1nchez<\/p>\n","protected":false},"excerpt":{"rendered":"<p>PROFESORAS CURSO 2025-26 JEFA DE DEPARTAMENTO: Pilar Berruete PROFESORAS: Irene Aixal\u00e1 (Coordinadora de Bienestar) Susana Bern\u00e9 (Coordinadora Brit Ingl\u00e9s) Ana Bona Ver\u00f3nica Garc\u00eda Nuria Gim\u00e9nez Yolanda S\u00e1nchez<\/p>\n","protected":false},"author":1,"featured_media":0,"parent":0,"menu_order":0,"comment_status":"closed","ping_status":"closed","template":"","meta":{"footnotes":""},"class_list":["post-74","page","type-page","status-publish","hentry"],"_links":{"self":[{"href":"https:\/\/ieselaios.catedu.es\/ingles\/wp-json\/wp\/v2\/pages\/74","targetHints":{"allow":["GET"]}}],"collection":[{"href":"https:\/\/ieselaios.catedu.es\/ingles\/wp-json\/wp\/v2\/pages"}],"about":[{"href":"https:\/\/ieselaios.catedu.es\/ingles\/wp-json\/wp\/v2\/types\/page"}],"author":[{"embeddable":true,"href":"https:\/\/ieselaios.catedu.es\/ingles\/wp-json\/wp\/v2\/users\/1"}],"replies":[{"embeddable":true,"href":"https:\/\/ieselaios.catedu.es\/ingles\/wp-json\/wp\/v2\/comments?post=74"}],"version-history":[{"count":15,"href":"https:\/\/ieselaios.catedu.es\/ingles\/wp-json\/wp\/v2\/pages\/74\/revisions"}],"predecessor-version":[{"id":982,"href":"https:\/\/ieselaios.catedu.es\/ingles\/wp-json\/wp\/v2\/pages\/74\/revisions\/982"}],"wp:attachment":[{"href":"https:\/\/ieselaios.catedu.es\/ingles\/wp-json\/wp\/v2\/media?parent=74"}],"curies":[{"name":"wp","href":"https:\/\/api.w.org\/{rel}","templated":true}]}}