{"id":26,"date":"2016-02-07T20:40:13","date_gmt":"2016-02-07T19:40:13","guid":{"rendered":"http:\/\/ieselaios.catedu.es\/fisicayquimica\/?page_id=26"},"modified":"2020-11-30T08:04:23","modified_gmt":"2020-11-30T07:04:23","slug":"1o-bac-fq","status":"publish","type":"page","link":"https:\/\/ieselaios.catedu.es\/fisicayquimica\/1o-bac-fq\/","title":{"rendered":"F\u00edsica y Qu\u00edmica de 1\u00ba de Bachillerato"},"content":{"rendered":"<p><a href=\"https:\/\/drive.google.com\/file\/d\/1F7mOUeofuOIpwQfMun8LrLjCe71wpfCG\/view?usp=sharing\" target=\"_blank\" rel=\"noopener noreferrer\">Apuntes <\/a>de nomenclatura inorg\u00e1nica.<\/p>\n<p>Ejercicios de nomenclatura inorg\u00e1nica: <a href=\"https:\/\/drive.google.com\/file\/d\/1uD9luo-KziAgEjDPkA37RUhle4ZCurwT\/view?usp=sharing\" target=\"_blank\" rel=\"noopener noreferrer\">binarios<\/a> y <a href=\"https:\/\/drive.google.com\/file\/d\/1AvFatu_qU_s-opE85zapE59_Od1sMBba\/view?usp=sharing\" target=\"_blank\" rel=\"noopener noreferrer\">variados<\/a>.<\/p>\n<p><a href=\"http:\/\/fisicayquimica.iesruizgijon.es\/fisyqui1bach\/Apuntes_Formulacion_Organica.pdf\" target=\"_blank\" rel=\"noopener noreferrer\">Apuntes<\/a> de nomenclatura qu\u00edmica org\u00e1nica<\/p>\n<p><a href=\"https:\/\/drive.google.com\/file\/d\/1BJBscggSjUQz_DrTb0zR-0Wcv63aSFnH\/view?usp=sharing\" target=\"_blank\" rel=\"noopener noreferrer\">Ejercicios<\/a> de nomenclatura org\u00e1nica<\/p>\n","protected":false},"excerpt":{"rendered":"<p>Apuntes de nomenclatura inorg\u00e1nica. Ejercicios de nomenclatura inorg\u00e1nica: binarios y variados. Apuntes de nomenclatura qu\u00edmica org\u00e1nica Ejercicios de nomenclatura org\u00e1nica<\/p>\n","protected":false},"author":1,"featured_media":0,"parent":0,"menu_order":0,"comment_status":"closed","ping_status":"closed","template":"","meta":{"footnotes":""},"class_list":["post-26","page","type-page","status-publish","hentry"],"_links":{"self":[{"href":"https:\/\/ieselaios.catedu.es\/fisicayquimica\/wp-json\/wp\/v2\/pages\/26","targetHints":{"allow":["GET"]}}],"collection":[{"href":"https:\/\/ieselaios.catedu.es\/fisicayquimica\/wp-json\/wp\/v2\/pages"}],"about":[{"href":"https:\/\/ieselaios.catedu.es\/fisicayquimica\/wp-json\/wp\/v2\/types\/page"}],"author":[{"embeddable":true,"href":"https:\/\/ieselaios.catedu.es\/fisicayquimica\/wp-json\/wp\/v2\/users\/1"}],"replies":[{"embeddable":true,"href":"https:\/\/ieselaios.catedu.es\/fisicayquimica\/wp-json\/wp\/v2\/comments?post=26"}],"version-history":[{"count":40,"href":"https:\/\/ieselaios.catedu.es\/fisicayquimica\/wp-json\/wp\/v2\/pages\/26\/revisions"}],"predecessor-version":[{"id":2112,"href":"https:\/\/ieselaios.catedu.es\/fisicayquimica\/wp-json\/wp\/v2\/pages\/26\/revisions\/2112"}],"wp:attachment":[{"href":"https:\/\/ieselaios.catedu.es\/fisicayquimica\/wp-json\/wp\/v2\/media?parent=26"}],"curies":[{"name":"wp","href":"https:\/\/api.w.org\/{rel}","templated":true}]}}