{"id":327,"date":"2017-01-23T12:16:58","date_gmt":"2017-01-23T11:16:58","guid":{"rendered":"http:\/\/ieselaios.catedu.es\/cienciasnaturales\/?page_id=327"},"modified":"2018-05-25T18:29:39","modified_gmt":"2018-05-25T17:29:39","slug":"concurso-de-carteles","status":"publish","type":"page","link":"https:\/\/ieselaios.catedu.es\/cienciasnaturales\/concurso-de-carteles\/","title":{"rendered":"CONCURSO DE CARTELES"},"content":{"rendered":"<h3><span style=\"color: #993300\">Concurso de carteles de h\u00e1bitos saludables de 3\u00baESO<\/span><\/h3>\n<p><a href=\"https:\/\/drive.google.com\/file\/d\/0B8VA2_Pb_Ba4VlJ6MGpFZm15d3M\/view?usp=sharing\" target=\"_blank\" rel=\"noopener\">Concurso carteles h\u00e1bitos saludables 2009-10<\/a><\/p>\n<p><a href=\"https:\/\/drive.google.com\/file\/d\/0B8VA2_Pb_Ba4SkhaaUxYZmVrSkk\/view?usp=sharing\" target=\"_blank\" rel=\"noopener\">Concurso carteles h\u00e1bitos saludables 2010-11<\/a><\/p>\n<p><a href=\"https:\/\/drive.google.com\/file\/d\/0B8VA2_Pb_Ba4ei1QOEhTaVd5dEE\/view?usp=sharing\" target=\"_blank\" rel=\"noopener\">Concurso carteles h\u00e1bitos saludables \u00a02011-12<\/a><\/p>\n<p><a href=\"https:\/\/drive.google.com\/file\/d\/0B8VA2_Pb_Ba4V3NsdWxwQ1l0QTA\/view?usp=sharing\" target=\"_blank\" rel=\"noopener\">Concurso carteles h\u00e1bitos saludables 2012-13<\/a><\/p>\n<p><a href=\"https:\/\/drive.google.com\/file\/d\/0B8VA2_Pb_Ba4RTRwdzh2NGZ3eGM\/view?usp=sharing\" target=\"_blank\" rel=\"noopener\">Concurso carteles h\u00e1bitos saludables 2013-14<\/a><\/p>\n<p><a href=\"https:\/\/drive.google.com\/file\/d\/0B8VA2_Pb_Ba4UDUxWHNrR21zSzA\/view?usp=sharing\" target=\"_blank\" rel=\"noopener\">Concurso carteles h\u00e1bitos saludables 2014-15<\/a><\/p>\n<p><a href=\"https:\/\/drive.google.com\/file\/d\/0B8VA2_Pb_Ba4R1loS21keUQyeTQ\/view?usp=sharing\" target=\"_blank\" rel=\"noopener\">Concurso carteles h\u00e1bitos saludables 2015-16<\/a><\/p>\n<p><a href=\"https:\/\/drive.google.com\/file\/d\/0B8VA2_Pb_Ba4RUU1cGY2UUhTRVk\/view?usp=sharing\" target=\"_blank\" rel=\"noopener\">Concurso carteles h\u00e1bitos saludables 2016-17<\/a><\/p>\n<p><a href=\"https:\/\/drive.google.com\/file\/d\/1j3J1ElMV3dkHrdTSDskNtyQP1Gyxh0_4\/view?usp=sharing\" target=\"_blank\" rel=\"noopener\">Concurso carteles h\u00e1bitos saludables 2017-18<\/a><\/p>\n<h3><span style=\"color: #993300\">Concurso de carteles de Ecolog\u00eda de 4\u00baESO<\/span><\/h3>\n<p><a href=\"https:\/\/drive.google.com\/file\/d\/0B8VA2_Pb_Ba4bkNMZFh1OEt1UFk\/view?usp=sharing\" target=\"_blank\" rel=\"noopener\">Concurso carteles Ecolog\u00eda 2009-10<\/a><\/p>\n<p><a href=\"https:\/\/drive.google.com\/file\/d\/0B8VA2_Pb_Ba4ejczdW9jTWhVOUU\/view?usp=sharing\" target=\"_blank\" rel=\"noopener\">Concurso carteles Ecolog\u00eda 2010-11<\/a><\/p>\n<p><a href=\"https:\/\/drive.google.com\/file\/d\/0B8VA2_Pb_Ba4bUZTaXRZY01qd0E\/view?usp=sharing\" target=\"_blank\" rel=\"noopener\">Concurso carteles Ecolog\u00eda 2011-12<\/a><\/p>\n<p><a href=\"https:\/\/drive.google.com\/file\/d\/0B8VA2_Pb_Ba4SjMxdjM1aXBtWUU\/view?usp=sharing\" target=\"_blank\" rel=\"noopener\">Concurso carteles Ecolog\u00eda 2012-13<\/a><\/p>\n<p><a href=\"https:\/\/drive.google.com\/file\/d\/0B8VA2_Pb_Ba4OEMtbDF4Sm05MDA\/view?usp=sharing\" target=\"_blank\" rel=\"noopener\">Concurso carteles Ecolog\u00eda 2013-14<\/a><\/p>\n<p><a href=\"https:\/\/drive.google.com\/file\/d\/0B8VA2_Pb_Ba4d240UUF3XzczN2s\/view?usp=sharing\" target=\"_blank\" rel=\"noopener\">Concurso carteles Ecolog\u00eda 2014-15<\/a><\/p>\n<p><a href=\"https:\/\/drive.google.com\/file\/d\/0B8VA2_Pb_Ba4RHpuM1ZjTlZCc1E\/view?usp=sharing\" target=\"_blank\" rel=\"noopener\">Concurso carteles Ecolog\u00eda 2015-16<\/a><\/p>\n<p><a href=\"https:\/\/drive.google.com\/file\/d\/0B8VA2_Pb_Ba4ZW1WUGdWSG15cFk\/view?usp=sharing\" target=\"_blank\" rel=\"noopener\">Concurso carteles Ecolog\u00eda 2016-17<\/a><\/p>\n<p>Primer concurso internacional de carteles sobre el Medio Ambiente <a href=\"https:\/\/sites.google.com\/view\/postercompetition\/home\">2017\/2018<\/a><\/p>\n<p><a href=\"https:\/\/drive.google.com\/file\/d\/1chg8mXYSs5KSHLYmn8BLleIdH2B8RCiX\/view?usp=sharing\" target=\"_blank\" rel=\"noopener\">Concurso carteles Ecolog\u00eda 2017-18<\/a><\/p>\n","protected":false},"excerpt":{"rendered":"<p>Concurso de carteles de h\u00e1bitos saludables de 3\u00baESO Concurso carteles h\u00e1bitos saludables 2009-10 Concurso carteles h\u00e1bitos saludables 2010-11 Concurso carteles h\u00e1bitos saludables \u00a02011-12 Concurso carteles h\u00e1bitos saludables 2012-13 Concurso carteles h\u00e1bitos saludables 2013-14 Concurso carteles h\u00e1bitos saludables 2014-15 Concurso carteles h\u00e1bitos saludables 2015-16 Concurso carteles h\u00e1bitos saludables 2016-17 Concurso carteles h\u00e1bitos saludables 2017-18 Concurso de [&hellip;]<\/p>\n","protected":false},"author":24,"featured_media":0,"parent":0,"menu_order":0,"comment_status":"closed","ping_status":"closed","template":"","meta":{"footnotes":""},"class_list":["post-327","page","type-page","status-publish","hentry"],"_links":{"self":[{"href":"https:\/\/ieselaios.catedu.es\/cienciasnaturales\/wp-json\/wp\/v2\/pages\/327","targetHints":{"allow":["GET"]}}],"collection":[{"href":"https:\/\/ieselaios.catedu.es\/cienciasnaturales\/wp-json\/wp\/v2\/pages"}],"about":[{"href":"https:\/\/ieselaios.catedu.es\/cienciasnaturales\/wp-json\/wp\/v2\/types\/page"}],"author":[{"embeddable":true,"href":"https:\/\/ieselaios.catedu.es\/cienciasnaturales\/wp-json\/wp\/v2\/users\/24"}],"replies":[{"embeddable":true,"href":"https:\/\/ieselaios.catedu.es\/cienciasnaturales\/wp-json\/wp\/v2\/comments?post=327"}],"version-history":[{"count":16,"href":"https:\/\/ieselaios.catedu.es\/cienciasnaturales\/wp-json\/wp\/v2\/pages\/327\/revisions"}],"predecessor-version":[{"id":395,"href":"https:\/\/ieselaios.catedu.es\/cienciasnaturales\/wp-json\/wp\/v2\/pages\/327\/revisions\/395"}],"wp:attachment":[{"href":"https:\/\/ieselaios.catedu.es\/cienciasnaturales\/wp-json\/wp\/v2\/media?parent=327"}],"curies":[{"name":"wp","href":"https:\/\/api.w.org\/{rel}","templated":true}]}}